{"id":75,"date":"2016-03-31T16:26:05","date_gmt":"2016-03-31T14:26:05","guid":{"rendered":"http:\/\/www.cise-gmbh.com\/?page_id=75"},"modified":"2021-09-05T14:02:52","modified_gmt":"2021-09-05T12:02:52","slug":"alte-herren-mannschaft","status":"publish","type":"page","link":"https:\/\/www.medizin-hochweitzschen.de\/?page_id=75","title":{"rendered":"Alte Herren-Mannschaft"},"content":{"rendered":"<h3>Ansprechpartner<\/h3>\n<p>\u00dcbungsleiter: <strong>Konrad Schuricht <\/strong>und <strong>Klaus Burkert<\/strong>. F\u00fcr weitere Infos nutzen Sie bitte unser Kontaktformular.<\/p>\n<h3>Trainingszeiten<\/h3>\n<p>Das Training findet <strong>Freitag<\/strong> ab <strong>19.00 Uhr<\/strong> auf dem Sportplatz in Hochweitzschen statt. In den Wintermonaten wird <strong>20.00 Uhr<\/strong> in der Sporthalle Technitz trainiert.<\/p>\n<p>N\u00e4here Infos zu den Spielst\u00e4tten finden Sie unter dem entsprechenden Men\u00fcpunkt.<\/p>\n\n\n<div class=\"wp-block-button alignleft is-style-outline\"><a class=\"wp-block-button__link has-white-color has-text-color has-background no-border-radius\" href=\"https:\/\/www.medizin-hochweitzschen.de\/?page_id=65\" style=\"background-color:#0e2440\">&lt;&lt; 2. Herrenmannschaft<br><\/a><\/div>\n\n\n\n<div class=\"wp-block-button alignright is-style-outline\"><a class=\"wp-block-button__link has-white-color has-text-color has-background no-border-radius\" href=\"https:\/\/www.medizin-hochweitzschen.de\/?page_id=62\" style=\"background-color:#0e2440\">1. Herrenmannschaft &gt;&gt;<br><\/a><\/div>\n","protected":false},"excerpt":{"rendered":"<p>Ansprechpartner \u00dcbungsleiter: Konrad Schuricht und Klaus Burkert. F\u00fcr weitere Infos nutzen Sie bitte unser Kontaktformular. Trainingszeiten Das Training findet Freitag ab 19.00 Uhr auf dem Sportplatz in Hochweitzschen statt. In den Wintermonaten wird 20.00 Uhr in der Sporthalle Technitz trainiert. N\u00e4here Infos zu den Spielst\u00e4tten finden Sie unter dem entsprechenden Men\u00fcpunkt.<\/p>\n","protected":false},"author":2,"featured_media":0,"parent":13,"menu_order":13,"comment_status":"closed","ping_status":"closed","template":"template-fullwidth.php","meta":{"jetpack_post_was_ever_published":false,"footnotes":""},"jetpack_sharing_enabled":true,"jetpack_shortlink":"https:\/\/wp.me\/PaTP3p-1d","_links":{"self":[{"href":"https:\/\/www.medizin-hochweitzschen.de\/index.php?rest_route=\/wp\/v2\/pages\/75"}],"collection":[{"href":"https:\/\/www.medizin-hochweitzschen.de\/index.php?rest_route=\/wp\/v2\/pages"}],"about":[{"href":"https:\/\/www.medizin-hochweitzschen.de\/index.php?rest_route=\/wp\/v2\/types\/page"}],"author":[{"embeddable":true,"href":"https:\/\/www.medizin-hochweitzschen.de\/index.php?rest_route=\/wp\/v2\/users\/2"}],"replies":[{"embeddable":true,"href":"https:\/\/www.medizin-hochweitzschen.de\/index.php?rest_route=%2Fwp%2Fv2%2Fcomments&post=75"}],"version-history":[{"count":4,"href":"https:\/\/www.medizin-hochweitzschen.de\/index.php?rest_route=\/wp\/v2\/pages\/75\/revisions"}],"predecessor-version":[{"id":2851,"href":"https:\/\/www.medizin-hochweitzschen.de\/index.php?rest_route=\/wp\/v2\/pages\/75\/revisions\/2851"}],"up":[{"embeddable":true,"href":"https:\/\/www.medizin-hochweitzschen.de\/index.php?rest_route=\/wp\/v2\/pages\/13"}],"wp:attachment":[{"href":"https:\/\/www.medizin-hochweitzschen.de\/index.php?rest_route=%2Fwp%2Fv2%2Fmedia&parent=75"}],"curies":[{"name":"wp","href":"https:\/\/api.w.org\/{rel}","templated":true}]}}